43, 108347
List the prime factors of 2966324.
2, 137, 5413
List the prime factors of 31792360.
2, 5, 31, 25639
List the prime factors of 5498161.
5498161
What are the prime factors of 727971?
3, 151, 1607
What are the prime factors of 6251846?
2, 47, 66509
What are the prime factors of 1968073?
17, 115769
What are the prime factors of 14318123?
14318123
What are the prime factors of 10731935?
5, 2146387
List the prime factors of 29916.
2, 3, 277
List the prime factors of 4773119.
13, 367163
What are the prime factors of 98684?
2, 24671
What are the prime factors of 17668964?
2, 4417241
What are the prime factors of 5306258?
2, 167, 15887
What are the prime factors of 95220?
2, 3, 5, 23
List the prime factors of 335512.
2, 17, 2467
List the prime factors of 36784.
2, 11, 19
List the prime factors of 28314.
2, 3, 11, 13
List the prime factors of 615416.
2, 43, 1789
List the prime factors of 1573077.
3, 11, 73, 653
List the prime factors of 2591681.
2591681
What are the prime factors of 11073881?
7, 13, 73, 1667
What are the prime factors of 4541?
19, 239
List the prime factors of 326073.
3, 11, 41, 241
What are the prime factors of 590808?
2, 3, 103, 239
What are the prime factors of 29034?
2, 3, 1613
What are the prime factors of 823060?
2, 5, 7, 5879
List the prime factors of 8026089.
3, 809, 3307
List the prime factors of 5562161.
11, 109, 4639
List the prime factors of 649906.
2, 324953
List the prime factors of 2025794.
2, 23, 47, 937
List the prime factors of 2987385.
3, 5, 79, 2521
What are the prime factors of 118899?
3, 11, 1201
List the prime factors of 3786402.
2, 3, 31, 20357
What are the prime factors of 78014?
2, 19, 2053
What are the prime factors of 1790696?
2, 223837
What are the prime factors of 2545130?
2, 5, 7, 103, 353
List the prime factors of 2818386.
2, 3, 156577
What are the prime factors of 8666494?
2, 151, 28697
What are the prime factors of 15589054?
2, 13, 47, 12757
What are the prime factors of 21354313?
4253, 5021
List the prime factors of 5590280.
2, 5, 17, 8221
List the prime factors of 5373021.
3, 191, 9377
What are the prime factors of 28425?
3, 5, 379
List the prime factors of 5226954.
2, 3, 871159
What are the prime factors of 289724?
2, 72431
What are the prime factors of 2504666?
2, 167, 7499
List the prime factors of 1304034.
2, 3, 217339
What are the prime factors of 8680246?
2, 23, 188701
What are the prime factors of 694558?
2, 269, 1291
What are the prime factors of 62757?
3, 19, 367
List the prime factors of 14443684.
2, 3610921
What are the prime factors of 9480265?
5, 31, 1973
What are the prime factors of 2774984?
2, 346873
What are the prime factors of 176934?
2, 3, 37, 797
What are the prime factors of 4884141?
3, 337, 4831
List the prime factors of 925156.
2, 231289
What are the prime factors of 2487499?
7, 19, 59, 317
What are the prime factors of 200980?
2, 5, 13, 773
List the prime factors of 6754188.
2, 3, 7, 80407
What are the prime factors of 779609?
779609
List the prime factors of 206711.
421, 491
What are the prime factors of 13603972?
2, 3400993
What are the prime factors of 1179889?
107, 11027
What are the prime factors of 763644?
2, 3, 7, 9091
List the prime factors of 985664.
2, 15401
What are the prime factors of 159873?
3, 7, 23, 331
List the prime factors of 192966.
2, 3, 29, 1109
What are the prime factors of 4244829?
3, 1414943
What are the prime factors of 6268?
2, 1567
List the prime factors of 1689600.
2, 3, 5, 11
List the prime factors of 2096579.
149, 14071
List the prime factors of 598429.
13, 3541
List the prime factors of 150062.
2, 11, 19, 359
What are the prime factors of 572947?
233, 2459
What are the prime factors of 854736?
2, 3, 17807
What are the prime factors of 3977526?
2, 3, 7, 83, 163
What are the prime factors of 26365917?
3, 8788639
What are the prime factors of 10976013?
3, 37, 10987
What are the prime factors of 131522?
2, 65761
What are the prime factors of 1793054?
2, 67, 13381
List the prime factors of 9482735.
5, 1896547
What are the prime factors of 2424258?
2, 3, 134681
What are the prime factors of 741754?
2, 13, 47, 607
List the prime factors of 12380402.
2, 313, 19777
What are the prime factors of 89869?
13, 31, 223
What are the prime factors of 791657?
791657
List the prime factors of 145149.
3, 48383
List the prime factors of 5443134.
2, 3, 23, 39443
What are the prime factors of 138509?
7, 47, 421
What are the prime factors of 19444?
2, 4861
What are the prime factors of 1018235?
5, 41, 4967
What are the prime factors of 703619?
7, 100517
List the prime factors of 219010.
2, 5, 11, 181
List the prime factors of 4232.
2, 23
What are the prime factors of 571909?
13, 29, 37, 41
List the prime factors of 6196625.
5, 89, 557
What are the prime factors of 15060056?
2, 11, 53, 3229
What are the prime factors of 21729?
3, 7243
List the prime factors of 3746314.
2, 11, 13, 13099
What are the prime factors of 311999?
19, 16421
What are the prime factors of 13543033?
7, 17, 73, 1559
What are the prime factors of 579180?
2, 3, 5, 7, 197
What are the prime factors of 26888923?
1061, 25343
What are the prime factors of 139462?
2, 103, 677
What are the prime factors of 1020569?
11, 92779
What are the prime factors of 2644415?
5, 528883
What are the prime factors of 866048?
2, 17, 199
List the prime factors of 6646852.
2, 1661713
List the prime factors of 219095.
5, 29, 1511
List the prime factors of 12591755.
5, 11, 179, 1279
List the prime factors of 18400699.
53, 347183
What are the prime factors of 359611?
7, 41, 179
List the prime factors of 1173854.
2, 11, 229, 233
What are the prime factors of 209257?
209257
What are the prime factors of 607790?
2, 5, 60779
What are the prime factors of 524081?
524081
What are the prime factors of 14489182?
2, 7244591
List the prime factors of 25209403.
23, 1096061
What are the prime factors of 1651741?
7, 13, 2593
List the prime factors of 2692237.
2692237
What are the prime factors of 459306?
2, 3, 17, 19, 79
List the prime factors of 2691716.
2, 89, 7561
What are the prime factors of 1998525?
3, 5, 26647
List the prime factors of 602233.
602233
What are the prime factors of 22567564?
2, 367, 15373
What are the prime factors of 159783?
3, 13, 17, 241
List the prime factors of 579814.
2, 239, 1213
List the prime factors of 422883.
3, 19, 2473
What are the prime factors of 1754508?
2, 3, 7, 20887
What are the prime factors of 3436105?
5, 79, 8699
List the prime factors of 7017096.
2, 3, 79, 3701
List the prime factors of 180565.
5, 7, 11, 67
What are the prime factors of 20332999?
47, 331, 1307
What are the prime factors of 966306?
2, 3, 11
List the prime factors of 3081528.
2, 3, 127, 337
What are the prime factors of 668135?
5, 13, 19, 541
What are the prime factors of 270556?
2, 11, 13, 43
List the prime factors of 339122.
2, 7, 24223
What are the prime factors of 5511770?
2, 5, 11, 89, 563
What are the prime factors of 2851379?
23, 123973
What are the prime factors of 5808626?
2, 2904313
List the prime factors of 289393.
13, 113, 197
List the prime factors of 757760.
2, 5, 37
List the prime factors of 6427831.
6427831
List the prime factors of 5729138.
2, 2864569
What are the prime factors of 128861?
128861
List the prime factors of 2993128.
2, 23, 16267
What are the prime factors of 262351?
262351
List the prime factors of 201823.
201823
List the prime factors of 871243.
487, 1789
List the prime factors of 143168.
2, 2237
List the prime factors of 785192.
2, 61, 1609
List the prime factors of 116397.
3, 479
List the prime factors of 2200285.
5, 101, 4357
List the prime factors of 12535721.
11, 211, 491
What are the prime factors of 445212?
2, 3, 83, 149
What are the prime factors of 5978995?
5, 11, 108709
What are the prime factors of 2932921?
73, 40177
List the prime factors of 3933789.
3, 1311263
List the prime factors of 20308800.
2, 3, 5, 4231
What are the prime factors of 31776?
2, 3, 331
List the prime factors of 52742.
2, 26371
List the prime factors of 586999.
7, 83857
What are the prime factors of 113264?
2, 7079
List the prime factors of 2538541.
53, 211, 227
What are the prime factors of 3126560?
2, 5, 19541
What are the prime factors of 2921412?
2, 3, 13, 61, 307
List the prime factors of 6404032.